18 + -1. Suppose -2*y + 5*n + 48 + 2 = 0, y + 5*n - 10 = 0. Suppose l - 2*j + y = 5*l, 5*l - 5*j = 40. What is the remainder when u is divided by l?
5
Let q be 1/(-4) + (-522)/(-8). Suppose -16 + 1 = -5*z, 5*c - q = 5*z. Calculate the remainder when c is divided by 6.
4
Let k = 2 + -2. Suppose -3*r + 5 = -4, k = 3*q + 2*r - 36. Calculate the remainder when q is divided by 3.
1
Let s be 2/(-6)*(-2 - 13). Suppose 72 = 5*o - 2*b - 23, s*b - 67 = -2*o. Calculate the remainder when 61 is divided by o.
19
Let v = -19 - -26. Calculate the remainder when v is divided by 3.
1
Let d(s) = 7*s**3 - s**2 - s. Let l be d(-1). Let r = 22 + -8. What is the remainder when 49 is divided by (-2)/l + 234/r?
15
Suppose -2*g - 3*a = -94, 0*g - 66 = -2*g + 4*a. What is the remainder when g is divided by 12?
5
Suppose -6 = -4*t + 2. Suppose 15 = -2*w - 3*g, 2*w + w + 10 = -2*g. Suppose w = x + 4 - 2, 3*n + 3*x = 0. What is the remainder when n is divided by t?
0
Let b(w) = -w**3 + 3*w**2 - w + 7. Suppose -3*v - 15 = 0, -3*m + 2*v + v + 21 = 0. Calculate the remainder when b(3) is divided by m.
0
Let o(y) = y**2 + 4*y + 7. Let p be ((-8)/(-12))/((-8)/204). Let w = 1 - p. What is the remainder when o(5) is divided by w?
16
Suppose -k + 4 = -0. Suppose l = -f + 4*f + 9, -3*f = 4*l - 6. Calculate the remainder when 11 is divided by k - (-1)/(2 - l).
2
Let w = 11 - 26. Let y = -10 - w. What is the remainder when 17 is divided by y?
2
Let n = -68 - -83. What is the remainder when 101 is divided by n?
11
Suppose 2*f + c = 93, -2*f = 2*c + 47 - 139. Suppose 26 = 4*k + 78. Let r = k + f. Calculate the remainder when r is divided by 18.
16
Let v(i) = -i**3 + 8*i**2 + i + 6. Suppose 24 - 136 = -2*l. Let w = -30 + l. Calculate the remainder when w is divided by v(8).
12
Let q be 0*(2 - (-3)/(-2)). Suppose p - 3 + q = 0. Suppose 0 = -p*x + 6 + 6. Calculate the remainder when 5 is divided by x.
1
Suppose c - 3*i = 22 - 6, -17 = -c + 2*i. What is the remainder when c is divided by 2/((-18)/(-12) - 1)?
3
Let m be 8/(-20) + 24/10. Suppose -4*z = 2*y - 40, 0*y - m*z = 5*y - 100. What is the remainder when 79 is divided by y?
19
Let h = 0 - -24. Calculate the remainder when 92 is divided by h.
20
Let m(d) = 2*d**2 + d + 2. Let v be m(-2). Let l = v - 4. Calculate the remainder when 15 is divided by l.
3
Suppose -5*m + h = -632, m = h - 0*h + 128. Calculate the remainder when m is divided by 32.
30
Let b = 15 - 1. Calculate the remainder when 25 is divided by b.
11
Suppose 16 + 9 = 5*d. Suppose -2*s + 56 = 5*s. Calculate the remainder when s is divided by d.
3
Let t(h) = h**2 - 24*h + 31. What is the remainder when 119 is divided by t(23)?
7
Suppose 0*y + 3*y = 5*t + 352, 3*t - 260 = -2*y. Suppose 5*v - y = -24. Calculate the remainder when v is divided by 7.
6
Suppose 0 = -o + 3*n + 17, -5*n - 29 = -2*o - 0*o. Suppose 2*q - 18 = -o*s, 3*q = s + 6*q - 7. What is the remainder when 27 is divided by s?
7
Suppose 2*v = -2*c + 3 + 1, 0 = 5*v + 2*c - 25. Let z = -5 + v. What is the remainder when -2*(-2)/8*6 is divided by z?
1
Suppose 15 = b - 0*b. Let a(z) be the second derivative of z**4/6 + 5*z**3/6 + z**2/2 + z. What is the remainder when a(-6) is divided by b?
13
Let a(c) = -c**3 - c**2 + 3*c. What is the remainder when a(-5) is divided by 22?
19
Let y(x) = -2*x - 3. Let k be y(-2). Suppose 0 = -c - 13 - k. Let f = 39 + c. What is the remainder when f is divided by 9?
7
Let j(p) = 2*p**3 - 15*p**2 + 11*p - 3. What is the remainder when j(7) is divided by 13?
12
Let q = -9 + 13. Suppose 4*b + 148 = q*o, 4*o - 185 = -5*b - 1. Suppose 5*c = o + 4. What is the remainder when 16 is divided by c?
7
Let z(j) = -j**2 - j - 2 - 3 + 5. Let b be z(-3). Let s(r) = -8*r - 5. What is the remainder when s(b) is divided by 15?
13
Let i = -17 - -37. Let f be 2/6 + (-98)/(-21). Suppose -t + 6 + f = 0. What is the remainder when i is divided by t?
9
Suppose 9 - 23 = -j. What is the remainder when 67 is divided by j?
11
Suppose 2*u = 4*o - 0*u - 42, -4*o + 60 = 4*u. What is the remainder when 21 is divided by o?
9
Let n = 68 - 55. What is the remainder when 38 is divided by n?
12
Suppose -4*r = -r - 15. What is the remainder when 8 is divided by r?
3
Let p(v) = v**3 + 4*v**2 - 1. Let k be p(-3). Let d(a) = a + 10. Let c be d(-6). Let l = c + k. What is the remainder when 45 is divided by l?
9
Let k be (-1 - -11)*14/28. Suppose -2*o = -4*y - 26, -4*o + o - k = 5*y. Calculate the remainder when 7 is divided by o.
2
Let r(v) = -v**2 - 7*v - 1. Let c be r(-4). Suppose 2*y + 3*w - 5 = c, 46 = 4*y - w. What is the remainder when 30 is divided by y?
8
Suppose 7*n + 37 = 219. Let q = 76 + 1. What is the remainder when q is divided by n?
25
Suppose s = a - 0*a - 15, 5*a = 3*s + 81. Let m = -15 - -25. What is the remainder when a is divided by m?
8
Suppose 76 = -4*i + 340. Calculate the remainder when i is divided by 23.
20
Let s(f) = -f**2 + 9*f + 2. Let y be 1 - -16*3/2. Suppose 2*t = -3*t + y. What is the remainder when s(t) is divided by 8?
6
Let i be 0 + 1 + 12/2. Suppose m - 13 = i. What is the remainder when m is divided by (-1 - 18/4)*-2?
9
Let t = 14 + 2. Let l = 6 + 6. Suppose 0*f - 2*f = -l. What is the remainder when t is divided by f?
4
Suppose -15 + 39 = 3*z. Suppose -r + 13 = -2*i - 4*r, -4*i = 4*r + 16. Calculate the remainder when (30 - (1 - 1)) + i is divided by z.
7
Let z(g) = g**2 - 6*g - 11. Suppose 0 = -4*w - 2*v + 36, -3*v + 22 = -3*w + 5*w. Calculate the remainder when z(w) is divided by 2.
1
What is the remainder when (84/9)/(6/9) is divided by 9?
5
Suppose -2*y + o = 6*o - 86, 0 = -y + 5*o + 58. Let k = 100 - y. What is the remainder when k is divided by 18?
16
Let o(a) = a**3 - 8*a**2 + 3*a + 10. Suppose -9 = -3*h + 15. Calculate the remainder when o(h) is divided by 17/1 - (-3 + 2).
16
Suppose l = 4*l - 45. Let i be (-16)/(-3) + (-5)/l. What is the remainder when 17 is divided by (-2)/i + 188/20?
8
What is the remainder when 223 is divided by (392/(-35))/((-6)/15)?
27
Suppose -6 = -5*a + 9. Suppose 8 = 4*g + a*j, -2*g - 2*g + 2*j = -8. Suppose -5*p = -g*p - 3. What is the remainder when 2 is divided by p?
0
Suppose 2*y + 44 = 2*u, 0 = u - 0*y - 2*y - 19. Calculate the remainder when 47 is divided by u.
22
Let u = -8 - -43. What is the remainder when u is divided by 19?
16
Suppose -3*v + 13 = 4*q, -3*q + v - 4 = -30. What is the remainder when 39 is divided by q?
4
Let i = -94 + 144. Calculate the remainder when i is divided by 18.
14
Let a = -28 + 52. Let p(t) = 23*t**2 + 1. What is the remainder when p(-2) is divided by a?
21
Suppose 4*z + s - 226 = 0, -2*z = -s - 0*s - 116. What is the remainder when z is divided by 6?
3
Suppose 56 = -2*q + 6*q. Let a(v) = v - 11. Let l be a(0). Calculate the remainder when (-4 + 2)*(-2 + l) is divided by q.
12
Suppose -5*i + 5*l - 11 = 4, 3*i - 4*l + 9 = 0. Let a = i + 6. What is the remainder when (4 - 21/6)*14 is divided by a?
1
Suppose -2 + 3 = j, 0 = 5*u - 3*j + 13. Suppose -5*t + 65 = 15. What is the remainder when (19/u)/((-1)/2) is divided by t?
9
Suppose -2*t - 12 = -0*t. What is the remainder when (9/t)/(2/(-40)) is divided by 16?
14
Suppose 3*y - 2*q = 413, -3*q + 171 = 2*y - 100. Calculate the remainder when y is divided by 35.
32
Let g(t) = 31*t - 62. What is the remainder when g(6) is divided by 33?
25
Let m = -12 + 22. Suppose -4*n - n + 5*d = 0, -2*n + 4*d - m = 0. Calculate the remainder when n is divided by 1 + (4/2 - 1).
1
Let f = 44 + -26. Suppose 4*j = j + f. What is the remainder when 10 is divided by j?
4
Let x(d) = 13*d**3 - d**2. Let i be x(-1). Let v = -7 - i. Calculate the remainder when 19 is divided by v.
5
Let f be 2/(-7) - 138/(-42). Suppose -3*u = p - 27, -u - 4*u + 61 = f*p. What is the remainder when p is divided by 7?
5
Let f be 0 + -3*2 - 1. Let l = f - -18. What is the remainder when 31 is divided by l?
9
Let m(k) = k**2 - k + 6. Suppose -u + 1 - 3 = 0. Let x be ((-3)/(-9)*0)/u. Calculate the remainder when 10 is divided by m(x).
4
Let u(k) = -k**2 + 4*k - 3. Let h be u(3). Let j = 102 + -66. Suppose -b - 2*b + j = h. What is the remainder when 35 is divided by b?
11
Suppose 3*p - 88 = -5*p. Let w(f) = -2*f**3 - 4*f**2 + 5*f - 3. What is the remainder when w(-4) is divided by p?
8
Suppose -3*h - 5*p + 3 = 0, 0*p